ime factors of o.
2, 107
Let c be (20 - 8)*2/4. Suppose -c*j = -j - 320. List the prime factors of j.
2
What are the prime factors of 4/50 + (-5952)/(-600)?
2, 5
Suppose 0*d + 4*l = d - 75, -2*l - 138 = -2*d. Suppose -4*v - 3*b = -465, 4*b = -v + 46 + d. List the prime factors of v.
3, 13
Let i(z) = -26*z - 11. Suppose -61 - 47 = 12*g. What are the prime factors of i(g)?
223
Suppose 12 = y + 3*u, -6*y = -7*y - 5*u + 20. Suppose 26*g - 29*g + 570 = y. List the prime factors of g.
2, 5, 19
Suppose -2 = 5*m + 2*c, 0*m + c + 1 = m. Suppose -3*p + 16 + 11 = m. Let q = p - -5. List the prime factors of q.
2, 7
Suppose 6 - 4 = -f. What are the prime factors of -3*(f + 1) - -14?
17
Suppose -3*p = -4*t + 116, 5*p + 4*t + 180 = 8*t. Let d be 4/p - 17/(-8). Suppose -d*k = -6*k + 204. List the prime factors of k.
3, 17
Suppose 5*r = 3*r. Suppose r*u - u = -2. Suppose -3*h - s + 34 = 0, u*s - 3 = -h + 5. What are the prime factors of h?
2, 3
Suppose 4*r - 5 = 2*n + 3, 3*r = -2*n + 6. Suppose n = 2*w - 0*w - 590. List the prime factors of w.
5, 59
Let d be (-9 - -6)*22/3. Let y be d/(-12) - (-2)/12. Suppose -2*r = -4*r - 3*i - y, -i + 1 = r. What are the prime factors of r?
5
Suppose -5*h + h = -2*d - 342, -339 = -4*h + d. Let j = 335 - h. List the prime factors of j.
251
Suppose 9*a - 512 - 946 = 0. List the prime factors of a.
2, 3
Let j(x) = 6*x**3 - 2*x**2 - 12*x - 12. Let w(h) = h**3 - h**2 - h - 1. Let l(f) = -j(f) + 5*w(f). What are the prime factors of l(-5)?
2, 11
Let n(v) = -v**3 + 3*v**2 + 11*v - 1. Let j be n(5). Let c be (-366)/j*(-7 + 5). Suppose 2*l - 122 = -2*m, 2*l - 5*m - c = -l. What are the prime factors of l?
61
Let o = -51 + 51. Suppose o*t = 5*t - 115. What are the prime factors of t?
23
Let i(l) = 25*l**2 - 4*l + 2. Let s be i(2). Suppose 4*g + 2*w - s = -3*w, 0 = -5*g - w + 107. Let f = 39 - g. What are the prime factors of f?
2, 3
Let i = 164 + 1132. What are the prime factors of i?
2, 3
Suppose -2*t = 4*a - 3*a - 590, -4*a = -3*t + 863. List the prime factors of t.
293
List the prime factors of (-3 - -6)/((-3 + 2)/(-195)).
3, 5, 13
Let g(u) = 78*u**3 + 6*u**2 + 2*u - 3. What are the prime factors of g(2)?
11, 59
Let z = 1886 - 1082. List the prime factors of z.
2, 3, 67
Suppose 4 - 12 = l. Let d be 25 + l + (-2 - 1). Suppose g = -f - g + d, -2*g + 6 = 0. List the prime factors of f.
2
Suppose 5*p + 4*n = 59, -n + 23 = 4*p - 22. Let d(b) = -b**3 - 11*b**2 - 11*b + 10. Let t be d(-10). Suppose -t = 10*i - p*i. What are the prime factors of i?
2, 5
Let r(j) = j**2 + 4*j + 7. What are the prime factors of r(-4)?
7
Let h(u) = -u**2. Let c(x) = 5*x**2 + 1. Let l(b) = c(b) + 4*h(b). Let m be l(-3). List the prime factors of 78/(-15)*m/(-2).
2, 13
Let p(m) = 4*m - 2. Let q = 8 + -14. Let i = q - -10. What are the prime factors of p(i)?
2, 7
Let w be (-2 + 116)/(-3)*-15. Suppose m = 4*m - w. List the prime factors of m.
2, 5, 19
Let j = -1218 + 1428. List the prime factors of j.
2, 3, 5, 7
Let w(f) = 36*f - 10. List the prime factors of w(1).
2, 13
Suppose 0 = -t - 316 - 30. Let y be (-8)/(-28) - t/14. Let q = y - 18. List the prime factors of q.
7
Suppose -43 = 3*g - 7*v + 12*v, 2*g + 3*v = -27. Let t(c) = -2*c + 12. List the prime factors of t(g).
2, 3
Let z(q) = q + 14. Let f be (-8)/44 - (-1)/(22/(-238)). What are the prime factors of z(f)?
3
Let y be 2*(-3 + 12 + -4 + 0). Suppose 0 = 3*h - 82 + y. List the prime factors of h.
2, 3
Let r(w) = w**3 - w**2 + 3. Let x(y) = -45*y**3 - y**2 - y + 9. Let q(i) = 3*r(i) - x(i). Suppose -4 = -2*p - 2*p. What are the prime factors of q(p)?
47
Let l(b) = 18*b**2 + 6*b + 10. List the prime factors of l(-6).
2, 311
Suppose -4*l - f - 4 = 4, 5*f - 17 = -l. Let h = -1 - l. List the prime factors of ((-65)/20)/(h/(-8)).
13
Suppose -d = -2*d + 2. Suppose -2*p - d*a = -218, -3*p - 126 = -2*a - 453. List the prime factors of p.
109
Let y(b) = b**3 + 12*b**2 - 11*b + 31. Let x be y(-13). Suppose x*j + 5*j = 1630. What are the prime factors of j?
163
Suppose 40 = 3*b - 143. Suppose 2*h - 187 = b. Suppose -g = 3*g - h. What are the prime factors of g?
31
Suppose 7*o + 6562 = 24*o. What are the prime factors of o?
2, 193
Let h be (-51 - -10)*2/(-2). Let v = h - 22. Let p = v - -7. List the prime factors of p.
2, 13
Let r be 2/6 - 10/(-6). Suppose -4*b = r*w + w - 135, 4*w - 5*b - 180 = 0. What are the prime factors of w?
3, 5
What are the prime factors of 16 - 21 - (-2 - (5188 + 1))?
2, 2593
Let n = 126 + -255. Let j = n + 223. List the prime factors of j.
2, 47
Suppose -6*h = 4 - 22. Suppose 5*c + h*b + 2*b - 255 = 0, 0 = 4*c + b - 216. List the prime factors of c.
5, 11
List the prime factors of ((-1794)/(-130))/((-1)/(-5)).
3, 23
Let g = 2 - -1. Let l(q) be the second derivative of q**5/10 - q**4/3 + q**3/2 + 3*q**2/2 - 4*q. List the prime factors of l(g).
2, 3, 5
Suppose 5*w - 54 = q + 969, -w - 3*q + 211 = 0. Let c = 318 - w. List the prime factors of c.
113
Suppose -2746 = -3*a + 4*d + 12886, 2*a - 10428 = 4*d. What are the prime factors of a?
2, 1301
Let a(n) = 4*n**3 + 2*n**2 - 1. Let o be a(1). Suppose -2*w - 20 = -4*r, 5*r - 10 = o. Let z(y) = y**2 + y - 8. What are the prime factors of z(w)?
2
Suppose 0 = -4*h - 7 - 41. Let q = h - -12. Let d = q - -13. List the prime factors of d.
13
Suppose 0 = 3*p - 2*p + 2*h - 2143, 5*p - 10733 = -4*h. What are the prime factors of p?
7, 307
Suppose -2*m - r + 2 = -5*r, -3*m - 4*r = -23. Suppose 0 = y + m*z - 70, -z + 3*z - 148 = -2*y. What are the prime factors of y?
3, 5
Suppose 8*x = 50 + 54. Let m(n) = -n**3 + 13*n**2 + 7*n - 3. List the prime factors of m(x).
2, 11
Suppose -6*w + 2*w = v - 12, -3*v = 4*w - 4. Suppose 0 = -8*n + w*n - 3*o + 28, -16 = -n - 3*o. What are the prime factors of n?
2
Let v = 176 - -1435. What are the prime factors of v?
3, 179
Suppose 34*l = -21*l + 147455. List the prime factors of l.
7, 383
Let d(o) = 4*o**2 + o - 7. Let l be d(-5). Suppose 0 = -3*j + 7*j - l. List the prime factors of j.
2, 11
Let t(j) = -j - 1. Let c be t(-3). Suppose -c*p - p + 6 = 0. Suppose -p*g = -31 - 17. List the prime factors of g.
2, 3
Let x(j) = j + 16. Let a be x(-16). Suppose -5*u + 0*u + 17 = -q, a = -3*q - 2*u + 17. Suppose 96 = 5*i - q*i. List the prime factors of i.
2, 3
Suppose 0 = u - 6 + 3. Suppose 94 = u*i + 10. Let a = i + -12. What are the prime factors of a?
2
Suppose -4*l + 5*r = -1269, 17*l - 314 = 16*l - 2*r. What are the prime factors of l?
2, 79
Suppose 2*i + 24 + 80 = 0. Let c = i - -31. Let r = c - -30. What are the prime factors of r?
3
Let y(n) = n**2 - 7*n + 1. Let i be y(8). Suppose -i = -4*k + k. Suppose -2*g + 23 = k. What are the prime factors of g?
2, 5
Let n = -8 + 13. Suppose 0 = -n*f - 10, 2*u + 0*f + 5*f = -42. Let g = u - -21. What are the prime factors of g?
5
Suppose -m - 14 = -0*m. List the prime factors of (176/(-10))/(m/35).
2, 11
What are the prime factors of (-8)/(-4) + 13 + 6?
3, 7
List the prime factors of -8 + (-13662)/(-55) + 6/10.
241
Let h be 15/75 + 1608/10. Suppose 3*y = 5*s - 267, 0 = -3*s + 2*y - y + h. What are the prime factors of s?
2, 3
Let l(f) = 32*f + 222. What are the prime factors of l(17)?
2, 383
Suppose 647 = 2*j - 21*b + 16*b, 0 = 4*j + 5*b - 1219. What are the prime factors of j?
311
Let k = 3138 + -1956. List the prime factors of k.
2, 3, 197
Suppose -3*j - 10 = -4*m, -3*m = -0 - 12. Suppose 4*q = 2*t + 180, -j*q - 3*t = t - 90. Suppose 3*l = 8*l - q. What are the prime factors of l?
3
Let s(n) = -5*n - 11. Let p(x) = -5*x - 10. Let i(j) = 5*p(j) - 4*s(j). Let f(k) = k**2 - 18*k + 69. Let q be f(11). What are the prime factors of i(q)?
2, 17
Let i(f) = 3*f**2 + 13*f - 12. Let q be i(13). Suppose q = 8*x - 0*x. What are the prime factors of x?
83
Suppose h + 0*h = u + 3, -2*u = 0. Let z be 0/(2 + 3 - h). Suppose 2*n - 5*a + 148 = 6*n, -5*n - 3*a + 198 = z. List the prime factors of n.
2, 3, 7
Let i = -24 + 27. Suppose 4*y = -2*b + 6, 3*b - i*y = 11 - 2. What are the prime factors of 5 + 1*(4 - b)?
2, 3
Let b = 249 + 22. List the prime factors of b.
271
Suppose 3*f + 3 - 9 = 0. Let s be 14/f + -2 + 0. Suppose s*h - 88 = h. What are the prime factors of h?
2, 11
Let f(d) = -d**2 + 10*d. Let a be f(10). Suppose 3*u + 0*q + 5*q + 4 = 0, a = -2*u + 3*q + 29. Suppose -4*t + u*t = 60. What